{"id":424,"date":"2015-03-01T12:32:26","date_gmt":"2015-03-01T12:32:26","guid":{"rendered":"https:\/\/www.schliermer-roemertopf.ch\/?page_id=424"},"modified":"2026-01-24T10:05:09","modified_gmt":"2026-01-24T09:05:09","slug":"download","status":"publish","type":"page","link":"https:\/\/www.schliermer-roemertopf.ch\/site\/intern\/download\/","title":{"rendered":"Download"},"content":{"rendered":"<p><strong>Willkommen im Mitglieder Bereich!<\/strong>.<\/p>\n<hr>\n<h3><strong>Vorlagen<\/strong><\/h3>\n<p>Vorlage Menu- Deckblatt (Word):&nbsp;<\/p>\n<ul>\n<li><a href=\"https:\/\/www.schliermer-roemertopf.ch\/site\/wp-content\/uploads\/2015\/03\/00_Vorlage_Menu_2016_xx_xx..dotx\">00_Vorlage_Menu_2016_xx_xx.<\/a><\/li>\n<\/ul>\n<hr>\n<h3><strong>Aktuelles \/ Jahr 2026<\/strong><\/h3>\n<p>Statuten:<\/p>\n<ul>\n<li><a href=\"https:\/\/www.schliermer-roemertopf.ch\/site\/wp-content\/uploads\/2025\/01\/Roemertopfstatuten_2025.pdf\">R\u00f6mertopfstatuten_2025<\/a><\/li>\n<\/ul>\n<p>Aktuelles Vereinsjahr:<\/p>\n<ul>\n<li><a href=\"https:\/\/www.schliermer-roemertopf.ch\/site\/wp-content\/uploads\/2026\/01\/Vereinsjahr_2026.xlsx\">Vereinsjahr_2026 (Excel)<\/a><\/li>\n<li><a href=\"https:\/\/www.schliermer-roemertopf.ch\/site\/wp-content\/uploads\/2026\/01\/Vereinsjahr_2026.pdf\">Vereinsjahr_2026 (PDF)<\/a><\/li>\n<li><a href=\"https:\/\/www.schliermer-roemertopf.ch\/site\/wp-content\/uploads\/2026\/01\/Tisch-Einteilung-2026.pdf\">Tisch- Einteilung 2026<\/a><\/li>\n<\/ul>\n<p>Protokoll der letzten GV:&nbsp;<\/p>\n<ul>\n<li>2026 &#8211; in Arbeit&#8230;<\/li>\n<\/ul>\n<p>Einzahlungsschein Mitgliederbeitrag:<\/p>\n<ul>\n<li><a href=\"https:\/\/www.schliermer-roemertopf.ch\/site\/wp-content\/uploads\/2025\/09\/QR-Code_Einzahlungsschein_2025.pdf\">QR-Code_Einzahlungsschein_2025<\/a><\/li>\n<\/ul>\n<hr>\n<h3><strong>Website<\/strong><\/h3>\n<ul>\n<li><a href=\"https:\/\/www.schliermer-roemertopf.ch\/site\/wp-content\/uploads\/2015\/03\/Info-Mail-zur-neuen-Website.pdf\" target=\"_blank\" rel=\"noopener\">Passwort und Profil anpassen<\/a><\/li>\n<\/ul>\n<hr>\n<h3><strong>Archiv<\/strong><\/h3>\n<p>Statuten:<\/p>\n<ul>\n<li><a href=\"https:\/\/www.schliermer-roemertopf.ch\/site\/wp-content\/uploads\/2025\/09\/Roemertopfstatuten_2025.pdf\">R\u00f6mertopfstatuten_2025<\/a><\/li>\n<li><a href=\"https:\/\/www.schliermer-roemertopf.ch\/site\/wp-content\/uploads\/2015\/03\/R\u00f6mertopfstatuten.pdf\">R\u00f6mertopfstatuten von 1996 bis 2024<\/a><\/li>\n<li><a href=\"https:\/\/www.schliermer-roemertopf.ch\/site\/wp-content\/uploads\/2025\/09\/Statuten_1975.pdf\">R\u00f6mertopfstatuten von 1975 bis 1996<\/a><\/li>\n<\/ul>\n<p>Protokolle GV:<\/p>\n<ul>\n<li><a href=\"https:\/\/www.schliermer-roemertopf.ch\/site\/wp-content\/uploads\/2025\/09\/Protokoll-GV-2025.pdf\">Protokoll GV 2025<\/a><\/li>\n<li><a href=\"https:\/\/www.schliermer-roemertopf.ch\/site\/wp-content\/uploads\/2024\/01\/Protokoll-GV-2024.pdf\">Protokoll GV 2024<\/a><\/li>\n<li><a href=\"https:\/\/www.schliermer-roemertopf.ch\/site\/wp-content\/uploads\/2024\/01\/Protokoll-GV-2023.pdf\">Protokoll GV 2023<\/a><\/li>\n<li><a href=\"https:\/\/www.schliermer-roemertopf.ch\/site\/wp-content\/uploads\/2023\/01\/Protokoll-GV-2022.pdf\">Protokoll GV 2022<\/a><\/li>\n<li><a href=\"https:\/\/www.schliermer-roemertopf.ch\/site\/wp-content\/uploads\/2022\/05\/GV-SCHLIERMER-ROEMERTOPF-KOCHKLUB-2021-korrigiert.pdf\">Protokoll GV 2021<\/a><\/li>\n<li><a href=\"https:\/\/www.schliermer-roemertopf.ch\/site\/wp-content\/uploads\/2020\/01\/GV-ROEMERTOPF-KOCHKLUB-2020.docx\">Protokoll GV 2020<\/a><\/li>\n<li><a href=\"https:\/\/www.schliermer-roemertopf.ch\/site\/wp-content\/uploads\/2019\/01\/Protokoll-GV-2019.docx\">Protokoll GV 2019<\/a><\/li>\n<li><a href=\"https:\/\/www.schliermer-roemertopf.ch\/site\/wp-content\/uploads\/2018\/01\/Protokoll-GV-2018.doc\">Protokoll GV 2018<\/a><\/li>\n<li><a href=\"https:\/\/www.schliermer-roemertopf.ch\/site\/wp-content\/uploads\/2015\/03\/Protokoll-GV-2017.doc\">Protokoll GV 2017<\/a><\/li>\n<li><a href=\"https:\/\/www.schliermer-roemertopf.ch\/site\/wp-content\/uploads\/2015\/03\/Protokoll-GV-2016.doc\" rel=\"\">Protokoll GV 2016<\/a><\/li>\n<li><a href=\"https:\/\/www.schliermer-roemertopf.ch\/site\/wp-content\/uploads\/2015\/03\/Protokoll-GV-2015.doc\" rel=\"\">Protokoll GV 2015<\/a><\/li>\n<li><a href=\"https:\/\/www.schliermer-roemertopf.ch\/site\/wp-content\/uploads\/2015\/03\/Protokoll-GV-2014.doc\">Protokoll GV 2014<\/a><\/li>\n<li><a href=\"https:\/\/www.schliermer-roemertopf.ch\/site\/wp-content\/uploads\/2015\/03\/Protokoll-GV-2013.doc\">Protokoll GV 2013<\/a><\/li>\n<li><a href=\"https:\/\/www.schliermer-roemertopf.ch\/site\/wp-content\/uploads\/2015\/03\/Protokoll-GV-2012.doc\">Protokoll GV 2012<\/a><\/li>\n<li><a href=\"https:\/\/www.schliermer-roemertopf.ch\/site\/wp-content\/uploads\/2015\/03\/Protokoll-GV-2011.doc\">Protokoll GV 2011<\/a><\/li>\n<li><a href=\"https:\/\/www.schliermer-roemertopf.ch\/site\/wp-content\/uploads\/2015\/03\/Protokoll-GV-2010.doc\">Protokoll GV 2010<\/a><\/li>\n<\/ul>\n","protected":false},"excerpt":{"rendered":"<p>Willkommen im Mitglieder Bereich!. Vorlagen Vorlage Menu- Deckblatt (Word):&nbsp; 00_Vorlage_Menu_2016_xx_xx. Aktuelles \/ Jahr 2026 Statuten: R\u00f6mertopfstatuten_2025 Aktuelles Vereinsjahr: Vereinsjahr_2026 (Excel) Vereinsjahr_2026 (PDF) Tisch- Einteilung 2026 Protokoll der letzten GV:&nbsp; 2026 &#8211; in Arbeit&#8230; Einzahlungsschein Mitgliederbeitrag: QR-Code_Einzahlungsschein_2025 Website Passwort und Profil anpassen Archiv Statuten: R\u00f6mertopfstatuten_2025 R\u00f6mertopfstatuten von 1996 bis 2024 R\u00f6mertopfstatuten von 1975 bis 1996 Protokolle [&hellip;]<\/p>\n","protected":false},"author":1,"featured_media":0,"parent":386,"menu_order":0,"comment_status":"closed","ping_status":"closed","template":"page-no-title","meta":{"ngg_post_thumbnail":0,"jetpack_post_was_ever_published":false,"footnotes":""},"class_list":["post-424","page","type-page","status-publish","hentry"],"jetpack_sharing_enabled":true,"_links":{"self":[{"href":"https:\/\/www.schliermer-roemertopf.ch\/site\/wp-json\/wp\/v2\/pages\/424","targetHints":{"allow":["GET"]}}],"collection":[{"href":"https:\/\/www.schliermer-roemertopf.ch\/site\/wp-json\/wp\/v2\/pages"}],"about":[{"href":"https:\/\/www.schliermer-roemertopf.ch\/site\/wp-json\/wp\/v2\/types\/page"}],"author":[{"embeddable":true,"href":"https:\/\/www.schliermer-roemertopf.ch\/site\/wp-json\/wp\/v2\/users\/1"}],"replies":[{"embeddable":true,"href":"https:\/\/www.schliermer-roemertopf.ch\/site\/wp-json\/wp\/v2\/comments?post=424"}],"version-history":[{"count":3,"href":"https:\/\/www.schliermer-roemertopf.ch\/site\/wp-json\/wp\/v2\/pages\/424\/revisions"}],"predecessor-version":[{"id":5039,"href":"https:\/\/www.schliermer-roemertopf.ch\/site\/wp-json\/wp\/v2\/pages\/424\/revisions\/5039"}],"up":[{"embeddable":true,"href":"https:\/\/www.schliermer-roemertopf.ch\/site\/wp-json\/wp\/v2\/pages\/386"}],"wp:attachment":[{"href":"https:\/\/www.schliermer-roemertopf.ch\/site\/wp-json\/wp\/v2\/media?parent=424"}],"curies":[{"name":"wp","href":"https:\/\/api.w.org\/{rel}","templated":true}]}}